{"id":104,"date":"2014-10-06T08:37:23","date_gmt":"2014-10-06T06:37:23","guid":{"rendered":"http:\/\/oberschin.com\/?page_id=104"},"modified":"2021-03-15T11:22:49","modified_gmt":"2021-03-15T10:22:49","slug":"ich-bin","status":"publish","type":"page","link":"https:\/\/oberschin.com\/?page_id=104","title":{"rendered":"ich bin&#8230;"},"content":{"rendered":"<p>Das bin ich. Oberschin. Walliserin&#8230; Oberwalliserin.<\/p>\n<p><img data-recalc-dims=\"1\" loading=\"lazy\" decoding=\"async\" data-attachment-id=\"3407\" data-permalink=\"https:\/\/oberschin.com\/?attachment_id=3407\" data-orig-file=\"https:\/\/i0.wp.com\/oberschin.com\/wp-content\/uploads\/2019\/03\/iusa_400x400.34341062_7n1r.jpg?fit=400%2C400&amp;ssl=1\" data-orig-size=\"400,400\" data-comments-opened=\"1\" data-image-meta=\"{&quot;aperture&quot;:&quot;0&quot;,&quot;credit&quot;:&quot;&quot;,&quot;camera&quot;:&quot;&quot;,&quot;caption&quot;:&quot;&quot;,&quot;created_timestamp&quot;:&quot;0&quot;,&quot;copyright&quot;:&quot;&quot;,&quot;focal_length&quot;:&quot;0&quot;,&quot;iso&quot;:&quot;0&quot;,&quot;shutter_speed&quot;:&quot;0&quot;,&quot;title&quot;:&quot;&quot;,&quot;orientation&quot;:&quot;0&quot;}\" data-image-title=\"iusa_400x400.34341062_7n1r\" data-image-description=\"\" data-image-caption=\"\" data-large-file=\"https:\/\/i0.wp.com\/oberschin.com\/wp-content\/uploads\/2019\/03\/iusa_400x400.34341062_7n1r.jpg?fit=400%2C400&amp;ssl=1\" class=\"wp-image-3407 alignleft\" src=\"https:\/\/i0.wp.com\/oberschin.com\/wp-content\/uploads\/2019\/03\/iusa_400x400.34341062_7n1r.jpg?resize=268%2C268\" alt=\"\" width=\"268\" height=\"268\" srcset=\"https:\/\/i0.wp.com\/oberschin.com\/wp-content\/uploads\/2019\/03\/iusa_400x400.34341062_7n1r.jpg?w=400&amp;ssl=1 400w, https:\/\/i0.wp.com\/oberschin.com\/wp-content\/uploads\/2019\/03\/iusa_400x400.34341062_7n1r.jpg?resize=150%2C150&amp;ssl=1 150w, https:\/\/i0.wp.com\/oberschin.com\/wp-content\/uploads\/2019\/03\/iusa_400x400.34341062_7n1r.jpg?resize=300%2C300&amp;ssl=1 300w, https:\/\/i0.wp.com\/oberschin.com\/wp-content\/uploads\/2019\/03\/iusa_400x400.34341062_7n1r.jpg?resize=88%2C88&amp;ssl=1 88w\" sizes=\"auto, (max-width: 268px) 100vw, 268px\" \/><\/p>\n<p>Ich wohne in Thun, arbeite in Siders, n\u00e4he im Schlafzimmer und beanspruche damit die H\u00e4lfte des Raumes f\u00fcr mich und meine Stoffe. Ich produziere Selbstgemachtes f\u00fcr meine vier M\u00e4nner &#8211; f\u00fcr den Papa, den grossen (7), den mittleren (5) und den kleinsten (3). Und manchmal n\u00e4he ich was f\u00fcr mich. Oft &#8222;japanisch&#8220;, manchmal nach &#8222;finnisch&#8220; (ottobre design) oder etwas aus &#8222;e-books&#8220;.<\/p>\n<p>Und wenn Zeit bleibt, n\u00e4he ich f\u00fcr meinen Laden. <a href=\"https:\/\/www.etsy.com\/de\/shop\/oberschin?ref=hdr_shop_menu\">Hier<\/a>.<\/p>\n<p>Sch\u00f6n, dass Du bei mir vorbeischaust! Ich freue mich \u00fcber jeden Besuch und jeden Kommentar.<\/p>\n<p>Viel Spass beim Lesen und dich Inspirieren lassen!<\/p>\n","protected":false},"excerpt":{"rendered":"<p>Das bin ich. Oberschin. Walliserin&#8230; Oberwalliserin. Ich wohne in Thun, arbeite in Siders, n\u00e4he im Schlafzimmer und beanspruche damit die H\u00e4lfte des Raumes f\u00fcr mich und meine Stoffe&#8230;.<\/p>\n","protected":false},"author":1,"featured_media":0,"parent":0,"menu_order":0,"comment_status":"open","ping_status":"open","template":"","meta":{"jetpack_post_was_ever_published":false,"footnotes":""},"class_list":["post-104","page","type-page","status-publish","hentry"],"jetpack_sharing_enabled":true,"jetpack_shortlink":"https:\/\/wp.me\/P6KMDe-1G","jetpack-related-posts":[{"id":112,"url":"https:\/\/oberschin.com\/?page_id=112","url_meta":{"origin":104,"position":0},"title":"ich mache&#8230;","author":"oberschin","date":"6. Oktober 2014","format":false,"excerpt":"Gen\u00e4htes Ich n\u00e4he mit einer Bernina Record, die gute 5 Jahre \u00e4lter ist als ich. Und ich habe eine nigelnagelneue Overlock von Pfaff. Es vergeht praktisch kein Abend, an dem ich vor meinen Maschinen sitze. Manchmal sind es nur wenige Minuten (aber besser als nichts). ;) Auf diesen Seiten m\u00f6chte\u2026","rel":"","context":"Mit 1 Kommentar","block_context":{"text":"Mit 1 Kommentar","link":"https:\/\/oberschin.com\/?page_id=112#comments"},"img":{"alt_text":"","src":"","width":0,"height":0},"classes":[]}],"_links":{"self":[{"href":"https:\/\/oberschin.com\/index.php?rest_route=\/wp\/v2\/pages\/104","targetHints":{"allow":["GET"]}}],"collection":[{"href":"https:\/\/oberschin.com\/index.php?rest_route=\/wp\/v2\/pages"}],"about":[{"href":"https:\/\/oberschin.com\/index.php?rest_route=\/wp\/v2\/types\/page"}],"author":[{"embeddable":true,"href":"https:\/\/oberschin.com\/index.php?rest_route=\/wp\/v2\/users\/1"}],"replies":[{"embeddable":true,"href":"https:\/\/oberschin.com\/index.php?rest_route=%2Fwp%2Fv2%2Fcomments&post=104"}],"version-history":[{"count":17,"href":"https:\/\/oberschin.com\/index.php?rest_route=\/wp\/v2\/pages\/104\/revisions"}],"predecessor-version":[{"id":3512,"href":"https:\/\/oberschin.com\/index.php?rest_route=\/wp\/v2\/pages\/104\/revisions\/3512"}],"wp:attachment":[{"href":"https:\/\/oberschin.com\/index.php?rest_route=%2Fwp%2Fv2%2Fmedia&parent=104"}],"curies":[{"name":"wp","href":"https:\/\/api.w.org\/{rel}","templated":true}]}}